+ x - 4. Calculate p(0).
-4
Let i(h) = h**2 - 7*h - 9. Calculate i(8).
-1
Let f(m) = -3*m - 19. What is f(-17)?
32
Let k(j) = -j**3 + 7*j**2 - j + 9. What is k(7)?
2
Let i(o) = 52*o**2 + o + 2. Determine i(-1).
53
Let g(v) = -2*v**3 + 14*v**2 - 5*v + 11. Determine g(7).
-24
Let y(r) = -r**3 - 8*r**2 - 13*r - 23. Calculate y(-5).
-33
Let l(t) = 11*t**2 + 2*t + 1. Determine l(-1).
10
Let s(m) = m**3 - 26*m**2 + 25*m - 6. Determine s(25).
-6
Let v(h) = -h**2 - 25*h - 11. Calculate v(-14).
143
Let b(h) = -h**3 - 4*h**2 - h - 2. Determine b(-3).
-8
Let k(f) = -f**2 + 8*f + 5. Calculate k(7).
12
Let n(p) = p**2 + 16*p - 73. Calculate n(4).
7
Let r(o) = 19*o - 91. Give r(5).
4
Let k(l) = -2*l + 14. What is k(10)?
-6
Let m(k) = 2*k - 22. Give m(14).
6
Let x(h) = -4*h**2 + 9*h - 2. Determine x(-5).
-147
Let v(g) = -g**3 + 13*g**2 - g + 11. What is v(13)?
-2
Let u(y) = 27*y - 158. Determine u(6).
4
Let c(m) = 2*m**3 - 55*m**2 + 25*m + 62. What is c(27)?
8
Let b(s) = s**2 - 4*s - 2. Determine b(5).
3
Let j(i) = i**3 - 6*i**2 - i + 12. Calculate j(5).
-18
Let x(y) = 35*y - 29. Determine x(1).
6
Let s(r) = r**3 - 5*r**2 + r + 1. Determine s(5).
6
Let y(r) = r**2 + 39*r - 160. Calculate y(-42).
-34
Let f(g) = 7*g + 38. Determine f(-5).
3
Let r(h) = 2*h - 23. Calculate r(-15).
-53
Let z(x) = x**3 + 7*x**2 + 3*x - 22. Determine z(-6).
-4
Let d(g) = g**3 + 5*g**2 - 10*g - 56. Give d(-5).
-6
Let g(f) = 2*f**3 - 14*f**2 - 3*f + 86. What is g(6)?
-4
Let g(t) = -t**3 - 3*t**2 - 6*t. What is g(-5)?
80
Let n(g) = g**2 - 19*g + 50. Give n(17).
16
Let w(p) = p**2 + 18*p - 5. What is w(-14)?
-61
Let r(a) = -a**2 - 11*a - 18. Give r(-8).
6
Let z(q) = -q**2 + 59*q + 184. What is z(-3)?
-2
Let k(u) = -u**3 + 7*u**2 - 4*u + 1. What is k(7)?
-27
Let g(j) = -j**3 + 3*j**2 + 4*j - 3. Give g(3).
9
Let v(m) = -m + 60. What is v(0)?
60
Let b(i) = i**2 + 3*i - 5. Give b(-9).
49
Let r(w) = -w**2 + 6*w - 6. Give r(5).
-1
Let i(l) = l**3 + 14*l**2 + 13*l - 4. What is i(-13)?
-4
Let v(w) = -20*w - 132. Determine v(-7).
8
Let m(i) = -55*i - 1316. Calculate m(-24).
4
Let l(o) = 17*o - 4. Give l(-3).
-55
Let b(t) = -t + 1. Calculate b(-6).
7
Let b(h) = h**3 + 11*h**2 + 11. What is b(-11)?
11
Let z(f) = -7*f + 9. Give z(7).
-40
Let a(c) = 4*c**2 - 27*c - 35. What is a(8)?
5
Let k(d) = -d**3 - 3*d**2 + 5*d + 10. Calculate k(-4).
6
Let r(q) = -8*q + 35. Determine r(-7).
91
Let z(p) = -p - 8. What is z(6)?
-14
Let m(j) = -2*j**2 + 55*j - 80. Give m(26).
-2
Let w(v) = -v**3 + 14*v**2 - 6*v + 120. Give w(14).
36
Let k(d) = d**3 + 11*d**2 - 12*d + 2. Calculate k(-12).
2
Let j(t) = -t**3 + t**2 - t - 43. Calculate j(0).
-43
Let i(q) = q**2 + 4*q - 4. Give i(-3).
-7
Let u(d) = 3*d - 26. Determine u(11).
7
Let s(v) = 11*v - 7. What is s(-3)?
-40
Let x(a) = -a**3 - 12*a**2 + 2*a - 5. What is x(-12)?
-29
Let u(a) = -9*a + 6. Determine u(0).
6
Let z(n) = -n**2 - 8*n + 26. What is z(-11)?
-7
Let d(n) = -20*n**2 + n + 3. Determine d(-1).
-18
Let r(w) = w**2 - 13*w - 18. Determine r(14).
-4
Let n(c) = -5*c**2 + 5*c - 7. Calculate n(2).
-17
Let u(a) = a**3 + 23*a**2 + 131*a + 13. What is u(-13)?
0
Let v(w) = w**2 + 15*w + 3. What is v(-6)?
-51
Let h(j) = -j**3 + 8*j**2 + 9*j - 4. Determine h(9).
-4
Let p(j) = -j**3 + 5*j**2 + 6*j - 2. Calculate p(6).
-2
Let c(w) = 3*w**2 + 58*w + 28. What is c(-19)?
9
Let s(w) = -3*w - 30. What is s(-10)?
0
Let g(d) = -d**3 + 4*d**2 + 9*d - 6. What is g(6)?
-24
Let u(x) = -22*x - 31. Calculate u(-2).
13
Let q(o) = 13*o**2 + o + 1. Determine q(-1).
13
Let t(w) = -w + 15. Give t(9).
6
Let j(m) = m**3 + 4*m**2 - 2*m + 6. Determine j(-5).
-9
Let p(a) = a**3 - 9*a**2 + 16*a - 1. Give p(3).
-7
Let t(k) = -k + 12. Determine t(4).
8
Let p(q) = 2*q**2 - 13*q + 13. Give p(4).
-7
Let j(h) = h**3 - 7*h**2 + 10*h - 72. What is j(7)?
-2
Let n(o) = -o**2 - 10*o + 25. Calculate n(9).
-146
Let i(y) = y**3 - y**2 - 5*y + 4. Determine i(-3).
-17
Let r(d) = d**3 + 7*d**2 + 53*d + 206. Give r(-5).
-9
Let u(p) = 12*p**3 + 3*p + 3. Give u(-1).
-12
Let i(c) = c**3 + 16*c**2 + c + 13. Determine i(-16).
-3
Let u(j) = -j**3 - 9*j**2 + 13*j + 7. Calculate u(-10).
-23
Let n(y) = 58*y + 15. Calculate n(-1).
-43
Let q(g) = 5*g**2 + 8*g + 8. Give q(-1).
5
Let v(j) = j**2 + 6*j - 3. Give v(-7).
4
Let p(i) = 3*i - 1. What is p(-4)?
-13
Let l(h) = -2*h**3 + 6*h**2 - 2*h - 2. What is l(4)?
-42
Let x(p) = p**2 + 5*p + 1. Determine x(-4).
-3
Let m(v) = 17*v**2 - 16*v + 14. What is m(1)?
15
Let h(z) = 9*z**2 + 215*z - 21. Determine h(-24).
3
Let r(c) = -2*c**3 - 38*c**2 - 28*c - 20. Determine r(-18).
-164
Let c(w) = -3*w + 3. Give c(3).
-6
Let u(r) = 14*r + 1. Give u(1).
15
Let d(l) = -5*l - 14. Calculate d(-7).
21
Let t(g) = -11*g**2 + 6*g + 4. Give t(3).
-77
Let r(y) = -2*y**3 + 10*y**2 - 9*y - 2. Give r(4).
-6
Let z(o) = o**2 - 14*o + 20. Determine z(10).
-20
Let q(b) = -b**2 - 7*b + 3. Determine q(-7).
3
Let j(k) = 5*k**2 - 4*k. Calculate j(-3).
57
Let r(i) = -3*i**2 + 3*i - 2. What is r(4)?
-38
Let n(y) = 2*y**3 - 9*y**2 + 7*y - 6. Give n(4).
6
Let x(f) = f**2 + 9*f - 4. Determine x(-7).
-18
Let f(x) = x**3 - 4*x**2 - 3*x + 5. Calculate f(4).
-7
Let q(j) = j**3 - j**2 - 11. What is q(0)?
-11
Let l(q) = -3*q**3 + 3*q**2 + 4*q - 1. What is l(3)?
-43
Let b(t) = -3*t**2 + 2*t - 2. Determine b(4).
-42
Let b(d) = d**3 + d**2 - 21. What is b(0)?
-21
Let n(h) = h**2 + 17*h + 1. Determine n(-18).
19
Let w(s) = -15*s + 12. Give w(1).
-3
Let r(x) = x**3 + 2*x**2 - x + 4. Calculate r(3).
46
Let b(i) = 7*i + 61. Determine b(-12).
-23
Let b(g) = -g**2 + 21*g + 34. Give b(22).
12
Let n(i) = -i**2 + 5*i. Calculate n(7).
-14
Let m(l) = l**2 + 5*l - 9. What is m(-7)?
5
Let y(v) = 8*v + 4. Determine y(-5).
-36
Let h(o) = -o**2 - 14*o - 38. What is h(-5)?
7
Let a(f) = -f**3 - 6. What is a(0)?
-6
Let f(h) = h + 5. Determine f(0).
5
Let n(z) = z**3 + 6*z**2 - 5*z - 1. Give n(-6).
29
Let m(w) = -w**3 + 10*w**2 - 7*w - 7. Give m(10).
-77
Let b(h) = h - 4. Calculate b(-4).
-8
Let o(h) = 3*h**2 + 67*h + 20. Calculate o(-22).
-2
Let i(l) = 3*l - 36. Determine i(10).
-6
Let y(b) = -b**2 - b + 3. Determine y(0).
3
Let t(y) = -y**2 + 33*y - 120. Determine t(29).
-4
Let d(k) = -35*k - 1. Give d(-1).
34
Let z(c) = -c**2 - 8*c + 3. Give z(-6).
15
Let n(f) = -f. What is n(6)?
-6
Let d(p) = p**2 + 18*p - 8. Calculate d(-18).
-8
Let m(y) = y**3 - 10*y + 6. What is m(5)?
81
Let k(x) = 7*x**2 + 46*x - 7. Calculate k(-7).
14
Let a(c) = -2*c + 17. What is a(-6)?
29
Let l(o) = o**2 - 3. Calculate l(-2).
1
Let h(r) = -r**2 + 2*r - 5. Determine h(3).
-8
Let r(l) = l + 6. Calculate r(-8).
-2
Let o(g) = 13*g + 835. What is o(-64)?
3
Let v(q) = 6*q - 10. Give v(6).
26
Let c(q) = -q**3 - q**2 + 12. Determine c(0).
12
Let i(v) = v + 8. Determine i(2).
10
Let n(x) = -x**2 + 9*x - 1. Give n(11).
-23
Let y(n) = -4*n - 21. Determine y(-9).
15
Let r(u) = 71*u - 289. What is r(4)?
-5
Let k(m) = -25*m + 392. Give k(16).
-8
Let c(a) = 34*a + 290. Determine c(-9).
-16
Let j(f) = 8*f - 48. Calculate j(5).
-8
Let w(t) = -3*t**2 - 7*t + 4. Calculate w(1).
-6
Let w(z) = -z**2 - 2*z + 32. Determine w(7).
-31
Let f(t) = -6*t**2 - 2*t. Give f(1).
-8
Let a(o) = -o**3 + 8*o**2 - 7*o + 29. What is a(9)?
-115
Let n(j) = 9*j - 167. Calculate n(18).
-5
Let h(z) = 4*z - 4. Determine h(4).
12
Let y(z) = z**3 + 4*z**2 - 17*z - 13. What is y(-6)?
17
Let b(r) = -r**2 - 19*r + 11. Calculate b(-6).
89
Let m(c) = -2*c**2 + 4*c + 1. Calculate m(6).
-47
Let t(l) = -l**3 + 8*l**2 - 11*l + 1. Calculate t(6).
7
Let i(m) = 125*m**2 + 2*m. What is i(-1)?
123
Let g(u) = 4*u + 2. Give g(-2).
-6
Let m(g) = -g**2 - 24*g - 87. Calculate m(-21).
-24
Let z(p) = -7*p + 25. What is z(8)?
-31
Let g(p) = -4*p**3 - p**2 + 2*p - 2. What is g(1)?
-5
Let h(w) = w**2 + 11*w + 15. Determine h(-12).
27
Let l(p) = -14*p - 36. Calculate l(-8).
76
Let a(y) = 15*y**2 + 4*y - 4. What is a(1)?
15
Let w(x) = x**2 + 16*x + 48. Calculate w(-7).
-15
Let k(j) = -14*j + 221. Determine k(15).
11
Let v(z) = z**2 + 3*z - 9. Give v(7).
61
Let c(f) = -2*f**2 - 13*f - 10. What is c(-5)?
5
Let p(c) = -2*c - 17. Calculate p(10).
-37
Let j(o) = o**2 - 9*o + 3. What is j(10)?
13
Let s(t) = -41*t**3 - 2*t**2 + 3*t - 1. Determine s(1).
-41
Let q(x) = -2*x - 36. Determine q(-16).
-4
Let x(b) = -b**3 + 11*b**2 + 18*b - 23. C